 -8*j = -j - c. List the prime factors of j.
2, 3, 5
Let d = 973 - 1369. Let i = d + 177. Let q = i - -318. What are the prime factors of q?
3, 11
Let s(b) = -97*b + 13. Let l be s(3). Let p = l + 405. What are the prime factors of p?
127
Suppose 0 = -2*a + 12*a - 2150. Suppose 5*z = 184 + 376. Let f = a - z. What are the prime factors of f?
103
Suppose -3*r - 2*r + 45 = -5*q, 0 = -4*q - 5*r - 36. Let g be -2 + 82 + q + 7. Let x = g + -53. What are the prime factors of x?
5
Suppose 2*i - 2*z - 12744 = 0, -64*z = -60*z + 12. What are the prime factors of i?
3, 11, 193
Let j(l) = l + 1. Let s be j(3). Let h = -6372 + 6375. Suppose s*t = g - 0*t - 201, 603 = h*g + 5*t. List the prime factors of g.
3, 67
Suppose 0 = 104*i - 60*i - 101288. What are the prime factors of i?
2, 1151
Let j = -8480 + 16408. What are the prime factors of j?
2, 991
Suppose -3*a = 4*h + 1, h = -0*a - 4*a - 10. Let w be (a - (-3076)/14) + 8/28. Let c = -118 + w. List the prime factors of c.
3, 11
Suppose 17*d - 22*d + 110390 = 9*d. What are the prime factors of d?
5, 19, 83
Let u(d) = 30*d**3 - 21*d**2 + 51*d + 38. What are the prime factors of u(7)?
2, 17, 71
Let s be (4/3 - 11247/(-9)) + 3. Suppose 3*t - 2*n - s = n, 3*n = t - 412. What are the prime factors of t?
421
What are the prime factors of -17 + 9 - (-14136 + -18)?
2, 11, 643
Let o = 8297 + -5440. Let w = -1682 + o. List the prime factors of w.
5, 47
Let l(p) = -37*p + 37. Let q be l(-16). Suppose 5*k = -266 - q. Let g = -119 - k. What are the prime factors of g?
2, 3, 5
Let y(i) = 994*i**2 - 4*i + 8. Let z(w) = 992*w**2 - 5*w + 10. Let a(p) = 4*y(p) - 3*z(p). What are the prime factors of a(1)?
7, 11, 13
Let m(f) = 271*f + 43. Let a = 300 - 298. What are the prime factors of m(a)?
3, 5, 13
Let d be 78/(-15) - 12/15. What are the prime factors of (962 + d)/(6*1/3)?
2, 239
What are the prime factors of (7 - (3 + -2)) + (-2 - -8732)?
2, 3, 7, 13
What are the prime factors of 6*4/10*(437475/90)/19?
2, 307
What are the prime factors of 31537/(12/(-16) + (-42)/(-24))?
11, 47, 61
Let x(d) = -5*d**3 + 2*d**2 - 1. Let w be x(1). Let y be (13 + w)/((-3)/(-5)). List the prime factors of 5/y + (-596)/(-12).
2, 5
Let y be (31 - 33)/(1/12). Let h(t) = 2*t + 180. What are the prime factors of h(y)?
2, 3, 11
Suppose -73*v + 6630 = -39*v. Let w = v - -310. What are the prime factors of w?
5, 101
Let g be (-36348)/(-18) - ((-80)/(-15) + -5). Let v = -642 + g. What are the prime factors of v?
3, 17
Suppose 0 = 9*h - 19 - 26. Suppose -3*o = 5*f - 1665, 362 = f + h*o + 29. List the prime factors of f.
3, 37
Suppose 21776 = 3*v + 2*f - 3109, 0 = 3*v - 3*f - 24870. List the prime factors of v.
8293
Let a be (-1 + (-8)/(-6))/((-61)/549). Let q(v) = -2*v - 5*v + 7 - 2*v. List the prime factors of q(a).
2, 17
Let n(t) = t**3 + 9*t**2 - 18. Let i be n(-9). What are the prime factors of (6/i)/((-4)/24)?
2
Let p = 58 + -49. Suppose -5*v - 336 = -p*v. List the prime factors of v.
2, 3, 7
Let h(t) = -3029*t**3 + t**2 - 18*t - 34. List the prime factors of h(-2).
2, 12119
Suppose 3*g + 3*f + 21 = 0, 3*g - 5*f = -g - 10. Let i be 360/(-3) - (-2 + -2 - g). Let n = -72 - i. What are the prime factors of n?
7
Let a be (110/(-66))/((-1)/1434). Suppose -h + 793 = -4*w, 0*h - a = -3*h + w. What are the prime factors of h?
797
Let i(j) = j**3 + 16*j**2 - 37*j - 4. Let t(n) = 3*n + 44. Let b be t(-20). What are the prime factors of i(b)?
2, 3, 7
Let s = 384 + -378. Let z(c) = 211*c + 7. List the prime factors of z(s).
19, 67
Suppose -3012 = 12*z - 15756. Let s = -539 + z. What are the prime factors of s?
523
Suppose -3 = 6*w - 15. Suppose 1491 = 3*v - 4*o, 661 = w*v + 3*o - 350. Suppose -5*g = -2*g - v. List the prime factors of g.
167
Let p = 103 - 109. List the prime factors of (2/p)/(-3 + 752/252).
3, 7
Let w(g) = -g**2 + 7*g - 10. Let d(o) = -2*o + 29. Let z be d(12). Let x be w(z). Let f(y) = -2*y + 76. List the prime factors of f(x).
2, 19
Let i be (-4)/(-7)*(-77)/(-22). Let s be 12/10 - 1 - 25/125. List the prime factors of (2/i*-222)/(s + -2).
3, 37
Suppose -4*d + 35850 = 7*v - 5*v, 0 = -5*d + v + 44823. List the prime factors of d.
2, 3, 83
Let i = -749 + 765. List the prime factors of (18/(-21))/(i/(-112)) - -791.
797
Let n(i) = -979*i - 6. Let w(h) = 326*h + 2. Let v(s) = -3*n(s) - 8*w(s). Let y be v(2). Suppose 6*l + 4*l - y = 0. List the prime factors of l.
2, 3, 11
Suppose 0 = 16*i + 5533 - 29. What are the prime factors of (-15)/(-2 - -7) + (-2 - i)?
3, 113
Let p(v) = v**2 - 2*v + 2. Let i be 54/15 + ((-52)/20 - -2). Let t be p(i). Suppose -66 = -4*o - t*n, 4*n = 3*o - n - 67. List the prime factors of o.
19
Suppose -5*m = -5*h + 421205, -71*h - 84229 = -72*h - 3*m. What are the prime factors of h?
2, 7, 11, 547
Suppose 0*x = -3*x + 5*t + 27, 4*t + 8 = -x. Suppose 4*b + x*q = 8*b - 2672, 4*q = -3*b + 1983. What are the prime factors of b?
5, 7, 19
Let i(a) be the second derivative of -a**5/20 + 7*a**4/12 - 5*a**3/2 - 10*a. Let b(r) be the second derivative of i(r). What are the prime factors of b(-10)?
2, 37
Suppose -25233766 = -235*d - 105*d - 4642686. List the prime factors of d.
2, 107, 283
Let u = 76 - 73. Suppose -u*s + 6*s - 282 = 0. List the prime factors of s.
2, 47
Let h(p) = p**2 - 6*p - 2. Let l be h(4). Suppose -v + 3*c + 78 = 0, 5*v + c - 429 = 3*c. Let j = l + v. List the prime factors of j.
7, 11
Let u(o) be the first derivative of 17*o**3/3 - 13*o**2/2 + 40*o + 58. List the prime factors of u(4).
2, 5, 13
Suppose -w + 9021 = -2*q, -27171 = -3*w + 4*q - 114. List the prime factors of w.
3, 5, 601
Let r be ((-1384)/(-6))/(7/((-105)/(-10))). Let p = r - 195. Suppose 9*j - p = 38. What are the prime factors of j?
3, 7
Let g be ((-22)/(-12) + (-68)/51)*-10. What are the prime factors of 0 - (3132/(-6) + g)?
17, 31
Let b be (486/3)/((-27)/(-576)). Let c = -2398 + b. What are the prime factors of c?
2, 23
Suppose 16*s + 1534 = 29*s. Suppose -120*l + 1758 = -s*l. List the prime factors of l.
3, 293
Suppose 8 = 2*g, 87 = 5*m - 2*g - 75. Suppose 3*t = 157 - m. Suppose -2*o = -3*n - t, 7*o = 10*o + 2*n - 55. List the prime factors of o.
19
Let l(u) = 19*u**3 + 2*u**2 - 29*u + 3. List the prime factors of l(6).
3, 5, 89
Suppose -7 = -7*l + 7. Suppose -l*w + 7 - 3 = 0. List the prime factors of 0 + ((-8)/w - -41).
37
Suppose 144 = 10*i + 54. Let n(u) = 8*u**2 + 0*u**3 + 15 + 14*u - u**3 - 3*u. List the prime factors of n(i).
3, 11
Let u(k) = k**3 - k**2 + 5*k + 2. Let d be u(-4). Let b = d + 83. Let c = b - -56. What are the prime factors of c?
41
Let n(k) = -k**3 - 35*k**2 - 128*k + 42. Let a be n(-32). List the prime factors of (a/1 - 5)*1.
1061
Let d be 10/35 - (1 + 33/(-7)). Suppose 3*c - 690 = 2*b - 4*b, d*c + 3*b = 921. What are the prime factors of c?
2, 3, 19
Let c = -16488 - -30308. List the prime factors of c.
2, 5, 691
Suppose 5*w - 30 = -10*w. Suppose n + 5*k = 5*n - 2240, -3*n + w*k = -1680. What are the prime factors of n?
2, 5, 7
Let r(n) = 51*n**2 - 151*n - 3136. What are the prime factors of r(-18)?
2, 8053
Let l = -50 - -32. Let a = -15 - l. Suppose 3*u - 216 - a = 0. What are the prime factors of u?
73
Suppose 0 = 43*d + 1822 - 8960. Suppose 167*k - d*k = 1218. List the prime factors of k.
2, 3, 7, 29
Suppose 0 = 48*r - 46*r - 176. Suppose 0 = -m - m - 2*s + r, -2*m - 3*s = -83. Let o = m + 56. List the prime factors of o.
3, 5, 7
Suppose -79974 - 41704 = -166*d. List the prime factors of d.
733
Let g(x) = 4*x**2 + 25*x. List the prime factors of g(-21).
3, 7, 59
Suppose -l = 4*l - 55. Suppose -1237 + 4834 = l*t. What are the prime factors of t?
3, 109
Suppose 110*a = 102*a - 3616. Let h = a - -878. List the prime factors of h.
2, 3, 71
Let w = 83 + -88. Let g = w + 35. List the prime factors of ((16/(-6))/(-4))/(g/4815).
107
Let t = 597 - 173. Let x = t - -903. List the prime factors of x.
1327
Suppose 37 = 2*c - 27. Suppose -c*m - 20 = -37*m. Suppose -4*k + w + 412 = 0, -4*w - w + 412 = m*k. What are the prime factors of k?
103
Suppose 2*f - 313 = 3*y - 8*y, 3*y - f = 179. List the prime factors of y.
61
Suppose 2*i = -5*k + 1661, k + 4*k + 4170 = 5*i. Suppose -16*l = -1999 - i. What are the prime factors of l?
3, 59
Suppose 5*l - 369 = 76. Let h = l + -79. Let v(q) = 19*q - 32. List the prime factors of v(h).